 Give n(1).
-1
Let z = -2 + 9. Let w(c) = c**2 + c**3 - z - c + 2*c + 22. Let n(k) = 3*k**3 + 3*k**2 + 3*k + 44. Let u(q) = 4*n(q) - 11*w(q). Give u(0).
11
Let q(r) = 0*r - 4 + 6 + 0 + r. Give q(-2).
0
Suppose 4*g - 5*m = 48, 0 = -2*g - 3*g + 5*m + 55. Suppose 3*l + 2*l = -4*o + g, 2*l = -3*o. Let h(d) = -7 - l*d - 4*d + 3*d + d**2. Give h(6).
5
Let x(a) = a + 2. Let f be (-2)/(3/(-36)*-4). Calculate x(f).
-4
Let g be (-3)/1*(-2)/3. Suppose g*s = s + 1. Let w(q) = q + 4*q + 2*q - 1. Determine w(s).
6
Let k(v) = -1. Let s(l) = -l**2 + 5*l + 3. Let z(h) = 5*k(h) + s(h). Let q(w) = -w - 1. Let d(f) = 2*q(f) + z(f). What is d(5)?
-14
Suppose -5*m + 0*m = 2*c + 7, -2*m = c + 3. Let s(n) = 3*n**3 + n. Let o be s(m). Let j(t) = t**2 + 4*t - 1. Give j(o).
-1
Let s(m) = m - 1. Let l be s(6). Let c(g) = -5*g - 7. Let w(z) = -3*z - 3. Let q(d) = -4*c(d) + 7*w(d). Determine q(l).
2
Let r(j) = -27*j**3 + 2 - 3 + j + 5*j**3. Calculate r(1).
-22
Let x(w) be the third derivative of w**8/6720 + w**7/840 - w**6/720 + w**5/60 - w**4/12 + 2*w**2. Let m(a) be the second derivative of x(a). Determine m(-4).
-10
Let s(f) = 13*f**2 - 3*f - 4. Let j(m) = 15*m**2 - 3*m - 5. Let t(h) = 4*j(h) - 5*s(h). Determine t(2).
-14
Suppose 0 = -x + 16*x. Let d(v) be the third derivative of v**4/24 + v**3/6 + v**2. Determine d(x).
1
Let a(d) = d - 4. Suppose 6 = 2*b - 2. What is a(b)?
0
Let v(a) = -a**2 + 6*a - 5. Suppose 0 = -2*h + 5*h - 12. What is v(h)?
3
Suppose 0 = -3*g - 10 - 5. Suppose 2*i + 0*i - 12 = 0. Let n(f) = 4 + f**2 - 5*f + 6*f + i*f. What is n(g)?
-6
Let y = 13 - 4. Suppose 2*u + y = k, 0*u - u - 3*k + 6 = 0. Let w(a) = 2*a**3 + a + 3*a - a - 2*a**2 - 3*a**3. Calculate w(u).
0
Let b(u) = -5 + 6*u + 0*u - 5*u. Let v(n) = -4*n**3 + n**2 + 2*n + 2. Let h be v(-1). Give b(h).
0
Let r(o) = -3 - 6*o**3 - 35*o**2 + 34*o**2 + 5 + 5*o**3. Give r(-2).
6
Suppose 4*y - 6 = y. Let l(i) = -3 - 5 + y*i - i + 3. Let g(q) = -q + 3. Let r(t) = 10*g(t) + 6*l(t). Calculate r(1).
-4
Let p(r) be the first derivative of 3*r**2/2 - 2. Let g(u) = u**3 + 5*u**2 - 7*u - 3. Suppose 0 = -5*j - 22 - 8. Let s be g(j). Calculate p(s).
9
Let a(w) = w**3 + 4*w**2 - 3*w - 2. Suppose -2*f = 4, -2*p = -4*f + 6*f + 12. Give a(p).
10
Let z(r) = -r - 2 + 4 + 2*r. Let j(a) = -a**2 + 3*a + 5. Let h be j(4). Let f(v) = -2*v. Let w be f(h). Determine z(w).
0
Let k(s) be the first derivative of s**3/3 - 2*s**2 - s + 3. Let o be k(2). Let a(d) = d**2 + 3*d - 5. Determine a(o).
5
Let p(h) = -h**3 + h**2 + h + 1. Let g(b) = -1 - b**3 + 1 - 4*b**2 + b + 4. Let d = 2 + -6. Let x be g(d). What is p(x)?
1
Let o(z) be the third derivative of -z**4/24 + 5*z**3/6 + 5*z**2 - 7*z. Calculate o(6).
-1
Let w(j) = 14 - 15 + 0*j - j**3 - j - 4*j**2 + 0*j**3. Let x(o) = o**2 + 6*o + 4. Let k be x(-4). Let l be 3/(9/k)*3. Calculate w(l).
3
Let b(y) = y + 9. Let n be ((-10)/15)/(-3 - 57/(-18)). Calculate b(n).
5
Suppose -2*g + 11 - 1 = 0. Let u(h) = 9*h - 15. Let m(t) = 5*t - 8. Suppose -14 = 4*s - 58. Let l(c) = s*m(c) - 6*u(c). What is l(g)?
7
Let k = 10 - 7. Let x = 4 - k. Let z(i) = 2*i**2 + i. What is z(x)?
3
Let c be 1/(-2)*-2*3. Let l = c - 8. Let p(z) be the second derivative of z**3/6 + 5*z**2/2 + z. What is p(l)?
0
Let d(r) = 11*r - 2. Suppose -2*c = -u - c + 9, 4*u + 4*c = 36. Let n(k) = -5*k + 1. Suppose 5*s - 21 = -1. Let y(q) = s*d(q) + u*n(q). What is y(0)?
1
Let x(l) = 10 - 7 + 0*l - l**2 - 2*l. Give x(2).
-5
Let m(c) = 5*c - 1. Let s(v) = -v**2 - 4*v + 4. Let b = 0 - 5. Let n be s(b). Determine m(n).
-6
Suppose -4*m = -3*o - 0*o + 20, -26 = -4*o + 5*m. Let c(v) = -2*v - 7. Let d be c(-6). Let j(z) = d + 1 - z - z. Give j(o).
-2
Let t(s) be the third derivative of 1/6*s**3 + 0*s + 0 - 1/12*s**4 - 1/40*s**5 + 2*s**2 - 1/360*s**6. Let r(d) be the first derivative of t(d). Calculate r(-4).
-6
Let n(a) = -a**2 - 5*a - 6. Let t be n(-5). Let u(g) = g - 1. Calculate u(t).
-7
Let x = -14 - -7. Let i = 7 + x. Let f(v) = 4*v**2 + 3*v + 2. Let k(p) = -9*p**2 - 7*p - 5. Let g(c) = 7*f(c) + 3*k(c). Calculate g(i).
-1
Let h(j) = j**2 + 5*j + 4. Let k(d) = d**2 + 6*d + 5. Let r be k(-4). Let u(s) = 22 + s**2 - 11 + 3*s - 14. Let w be u(r). What is h(w)?
-2
Let t be 4/(-14) - 208/56. Suppose -2 = -4*a + 4*m - 10, -2*m = -8. Let y(b) = a*b - 6*b + 3*b - b - 5. Determine y(t).
3
Let j(l) be the second derivative of -l**4/12 + 5*l**3/6 - 3*l**2 + 9*l. Suppose 2*b = -5*z + 23, -8 = 3*b - 2*b - 4*z. Determine j(b).
-2
Let i(a) = 2*a + 3*a + 1 - 3*a. Let n be 1/1 + (2 - 0). Suppose -v + n = -0*v. What is i(v)?
7
Let y(a) = -2*a - 7*a**2 + 1 + 7*a - 3*a. Calculate y(-1).
-8
Suppose 5*i - 3*j + j = -43, -8 = 4*i + 5*j. Let o(r) = -r - 7. Calculate o(i).
0
Let m(h) = -7*h**3 + 4*h**2 + h + 5. Let u(l) = 6*l**3 - 5*l**2 - l - 6. Let p(n) = 6*m(n) + 5*u(n). What is p(1)?
-12
Let f(i) be the second derivative of i**4/12 + 5*i**3/6 + 2*i**2 + 6*i. Give f(-4).
0
Let y(o) be the third derivative of o**6/120 - o**5/60 - o**4/12 - 9*o**2. Calculate y(2).
0
Let r(o) = 4*o + o**2 + 2*o**3 + 1 + 0*o**3 - o**3 - 2*o**3. Let k = 2 + 1. Let c be r(k). Let n(l) = -l - 8. Give n(c).
-3
Let o(w) = w**2 + 3*w - 2. Let n(s) = -s**3 + 3*s**2 - s - 3. Let m(p) = -4*p**3 - p**2. Let g be m(-1). Let z be n(g). Calculate o(z).
16
Let l be (-19)/20 + -1 + 2. Let g(n) be the second derivative of 0 - 1/4*n**4 - 1/2*n**2 - 2/3*n**3 - n + l*n**5. Calculate g(4).
-1
Let s(g) = -4*g + 5. Let o be s(2). Let z = o - -2. Let w(x) = -4*x**3 + x**2 - 1. What is w(z)?
4
Let a(w) = 1 + 5*w - 6 + 6. Let o(k) = -4*k - 1. Let v be o(-1). Suppose 5*l - 3*g = 5 + v, -l + 5*g + 6 = 0. What is a(l)?
6
Let j(t) = -t**2 - 15 + 9 - t - 3*t. Let k(s) = s**3 - s**2 - 4*s. Let w be k(3). Suppose 0 = 5*o + w + 14. Determine j(o).
-6
Let k(a) = -a - 3. Suppose -5*y - 9 = -39. What is k(y)?
-9
Suppose y + 4 = 5*y. Let a(m) be the third derivative of -m**5/30 - m**3/6 - 2*m**2 - 238*m. What is a(y)?
-3
Let v(n) = -n**3 - 5*n**2 - 8*n + 11. Let z(d) = 3*d**3 + 9*d**2 + 15*d - 22. Let o(l) = 5*v(l) + 2*z(l). Determine o(8).
-5
Let f(c) = -c**3 + 8*c**2 + 10*c - 5. Let r be f(9). Let s(j) = -j - j**3 - 4 + 4*j - 5*j + r*j**2 + j. What is s(3)?
2
Let w(h) = 9*h**3 + 3*h**2 - 1. Let d(u) = 10*u**3 + 4*u**2 - u - 2. Let k(x) = -2*d(x) + 3*w(x). Let f = -123 + 122. Calculate k(f).
-7
Let x(h) = -h**3 - 4*h**2 + h + 3. Let q(k) = k**3 - 4*k**2 + 4 - 8 - 2*k**2. Let l be q(6). What is x(l)?
-1
Let m(k) = k**2 - k - 5. Let w(s) = -2*s**2 + 3*s + 4 + 11 - s**2. Let c(a) = a**3 - 6*a**2 + a - 3. Let h be c(6). Let v(p) = h*w(p) + 8*m(p). Determine v(0).
5
Let o(i) = -i + 6. Let a be 0*(3/1 - 2). Suppose a = 5*m - 4*m. Give o(m).
6
Let j(k) = k**3 - 2*k**2 - 3. Let h(u) = -u**3 + u. Let t(d) = -2*h(d) - j(d). Determine t(2).
15
Let r(q) = 3*q**2 + q + 4. Let z(x) = -4*x**2 - x - 5. Let l(k) = -5*r(k) - 4*z(k). Determine l(0).
0
Let y(c) = -2 - c**3 + 5*c + 6*c**2 + 6 + 2*c**3. Let o be y(-5). Let w(t) = -1. Let d(n) = -n**2 + 6*n - 3. Let b(u) = -d(u) + 5*w(u). Calculate b(o).
-10
Let v(g) = -g**2 - 11*g - 14. Let k be v(-10). Let n(d) = -d**2 + 1 + 1 - 3*d + 3. Determine n(k).
1
Let v(a) = a**3 - 3*a**2 - 4*a - 5. Let w be (-6)/5*10/(-3). Let u be w/(-22) - 138/(-33). Calculate v(u).
-5
Let a(c) = 0 - 2 + 5*c + 3 - 3*c. Give a(1).
3
Let r(o) = -2*o - 2*o + 4*o**2 + 3*o**2 - 4 - 5*o**3 + 5. Let k(t) = t**3. Let x(h) = 4*k(h) + r(h). Determine x(6).
13
Let m(r) = 6*r**2 - 2*r + 2. Let l be m(1). Let n(y) = y**2 - 6*y - 2. Determine n(l).
-2
Let m(b) = -4*b - 4. Let r(q) = 4*q + 5. Let y(p) = -4*m(p) - 5*r(p). Calculate y(-6).
15
Let q(j) = 3*j**2 + 9 - 3*j - 7 - 4*j**2. Let z be 918/(-221) - (-4)/26. What is q(z)?
-2
Let j(k) be the third derivative of k**6/40 - k**5/60 + k**3/6 - 2*k**2 + 50. Let y(b) = b**3 - 9*b**2 + 7*b + 7. Let r be y(8). What is j(r)?
-3
Let p(i) = 2*i**2 + 2*i - 1. Let m(q) = -q**3 + 4*q**2 - 5*q + 3. Let r be m(3). What is p(r)?
11
Let t(f) = -f + 5. Suppose -3*g + 9 = -2*k, -5 = -0*g - 4*g + 5*k. Determine t(g).
0
Let m(k) = k**2 - k + 12. Let t(q) = 3*q**2 - 3*q + 37. Let w(v) = 7*m(v) - 2*t(v). Determine w(0).
10
Let i(o) be the third derivative of 1/60*o**5 + 0*o**4 + 0 - o**2 + 0*o - 1/6*o**3. Calculate i(3).
8
Let c(i) be the second derivative of i**4/12 - i**3/3 - 7*